
What is the units digit of 72088?
8
What is the ten thousands digit of 54652?
5
What is the units digit of 172509?
9
What is the thousands digit of 1469851?
9
What is the ten thousands digit of 126775?
2
What is the thousands digit of 34583752?
3
What is the ten thousands digit of 4843880?
4
What is the tens digit of 187299?
9
What is the thousands digit of 1427331?
7
What is the tens digit of 358401?
0
What is the thousands digit of 365908?
5
What is the ten thousands digit of 22726870?
2
What is the units digit of 90097?
7
What is the ten thousands digit of 377095?
7
What is the ten millions digit of 14646943?
1
What is the hundred thousands digit of 7474084?
4
What is the units digit of 28222187?
7
What is the hundred thousands digit of 127292?
1
What is the hundred thousands digit of 211139?
2
What is the thousands digit of 542687?
2
What is the tens digit of 1207104?
0
What is the hundreds digit of 158765?
7
What is the tens digit of 110347?
4
What is the tens digit of 884131?
3
What is the tens digit of 1664509?
0
What is the hundreds digit of 15994346?
3
What is the hundred thousands digit of 29245634?
2
What is the hundreds digit of 2301091?
0
What is the ten thousands digit of 1632186?
3
What is the thousands digit of 8767?
8
What is the hundred thousands digit of 417817?
4
What is the millions digit of 5976514?
5
What is the thousands digit of 6022710?
2
What is the tens digit of 2919676?
7
What is the ten millions digit of 14040097?
1
What is the hundred thousands digit of 8646134?
6
What is the thousands digit of 6206438?
6
What is the tens digit of 103197?
9
What is the thousands digit of 789838?
9
What is the hundred thousands digit of 390082?
3
What is the ten thousands digit of 10521?
1
What is the thousands digit of 1110485?
0
What is the hundreds digit of 3418754?
7
What is the tens digit of 9666748?
4
What is the units digit of 101848?
8
What is the hundred thousands digit of 373174?
3
What is the tens digit of 7377724?
2
What is the ten thousands digit of 267046?
6
What is the ten thousands digit of 6860565?
6
What is the thousands digit of 167639?
7
What is the hundred thousands digit of 806523?
8
What is the millions digit of 4495646?
4
What is the hundreds digit of 305337?
3
What is the thousands digit of 2259697?
9
What is the units digit of 183540?
0
What is the hundreds digit of 2101173?
1
What is the units digit of 3634858?
8
What is the ten thousands digit of 3690699?
9
What is the ten thousands digit of 457221?
5
What is the ten millions digit of 18256443?
1
What is the units digit of 7530008?
8
What is the hundred thousands digit of 15625598?
6
What is the ten millions digit of 11883962?
1
What is the thousands digit of 7120538?
0
What is the hundred thousands digit of 461731?
4
What is the thousands digit of 8065368?
5
What is the units digit of 1964367?
7
What is the thousands digit of 142855?
2
What is the thousands digit of 1044705?
4
What is the hundred thousands digit of 789010?
7
What is the hundreds digit of 198327?
3
What is the ten thousands digit of 2060665?
6
What is the thousands digit of 60831?
0
What is the tens digit of 7162486?
8
What is the units digit of 1098969?
9
What is the thousands digit of 751172?
1
What is the hundreds digit of 2481637?
6
What is the ten thousands digit of 205025?
0
What is the tens digit of 793207?
0
What is the ten thousands digit of 677585?
7
What is the tens digit of 1033562?
6
What is the tens digit of 1220347?
4
What is the tens digit of 1138595?
9
What is the thousands digit of 1893519?
3
What is the thousands digit of 102861?
2
What is the tens digit of 1806303?
0
What is the units digit of 4439?
9
What is the tens digit of 3457976?
7
What is the hundred thousands digit of 17518220?
5
What is the units digit of 3838852?
2
What is the millions digit of 1663154?
1
What is the units digit of 10598375?
5
What is the ten thousands digit of 242842?
4
What is the tens digit of 516473?
7
What is the units digit of 2226005?
5
What is the units digit of 3012466?
6
What is the units digit of 3661041?
1
What is the units digit of 50102?
2
What is the tens digit of 367857?
5
What is the thousands digit of 19662299?
2
What is the thousands digit of 1003336?
3
What is the hundred thousands digit of 807458?
8
What is the ten thousands digit of 12896356?
9
What is the thousands digit of 402805?
2
What is the tens digit of 116968?
6
What is the ten thousands digit of 722759?
2
What is the thousands digit of 281436?
1
What is the thousands digit of 3945013?
5
What is the hundred thousands digit of 8727420?
7
What is the thousands digit of 174643?
4
What is the ten thousands digit of 769618?
6
What is the tens digit of 1163775?
7
What is the units digit of 497507?
7
What is the hundreds digit of 9108888?
8
What is the ten thousands digit of 11635493?
3
What is the tens digit of 1288593?
9
What is the units digit of 3245946?
6
What is the hundreds digit of 427968?
9
What is the ten thousands digit of 7831100?
3
What is the tens digit of 91873?
7
What is the hundred thousands digit of 768045?
7
What is the units digit of 4255115?
5
What is the thousands digit of 2396562?
6
What is the ten thousands digit of 259687?
5
What is the tens digit of 108385?
8
What is the thousands digit of 517675?
7
What is the ten thousands digit of 2012887?
1
What is the units digit of 14603517?
7
What is the ten thousands digit of 424327?
2
What is the thousands digit of 42722?
2
What is the ten thousands digit of 198991?
9
What is the units digit of 1954381?
1
What is the tens digit of 267632?
3
What is the tens digit of 210992?
9
What is the ten millions digit of 28184052?
2
What is the thousands digit of 151069?
1
What is the hundred thousands digit of 237119?
2
What is the hundreds digit of 15247?
2
What is the millions digit of 4588760?
4
What is the tens digit of 2764026?
2
What is the ten thousands digit of 91518?
9
What is the hundreds digit of 35818?
8
What is the tens digit of 12782011?
1
What is the hundreds digit of 13084064?
0
What is the thousands digit of 2824459?
4
What is the hundreds digit of 962616?
6
What is the hundred thousands digit of 6441238?
4
What is the units digit of 952815?
5
What is the hundred thousands digit of 169348?
1
What is the hundreds digit of 6538330?
3
What is the hundreds digit of 11977832?
8
What is the ten thousands digit of 3783294?
8
What is the units digit of 2978882?
2
What is the millions digit of 1267166?
1
What is the units digit of 16025199?
9
What is the hundred thousands digit of 933633?
9
What is the units digit of 3193125?
5
What is the ten thousands digit of 497856?
9
What is the units digit of 94178?
8
What is the millions digit of 8562039?
8
What is the thousands digit of 157965?
7
What is the units digit of 14045926?
6
What is the units digit of 294764?
4
What is the thousands digit of 4719871?
9
What is the tens digit of 6061237?
3
What is the thousands digit of 216893?
6
What is the ten thousands digit of 372394?
7
What is the ten thousands digit of 9380125?
8
What is the thousands digit of 9632249?
2
What is the millions digit of 24055430?
4
What is the tens digit of 641030?
3
What is the tens digit of 3432384?
8
What is the tens digit of 15673369?
6
What is the units digit of 11917083?
3
What is the ten thousands digit of 8847714?
4
What is the thousands digit of 229958?
9
What is the tens digit of 1052231?
3
What is the thousands digit of 8057330?
7
What is the ten thousands digit of 20209?
2
What is the ten thousands digit of 916519?
1
What is the tens digit of 1239883?
8
What is the thousands digit of 19352323?
2
What is the hundreds digit of 641640?
6
What is the thousands digit of 573648?
3
What is the ten thousands digit of 15535502?
3
What is the thousands digit of 381690?
1
What is the ten thousands digit of 4706584?
0
What is the millions digit of 2288265?
2
What is the hundreds digit of 137717?
7
What is the ten thousands digit of 10760?
1
What is the millions digit of 13689367?
3
What is the tens digit of 749957?
5
What is the units digit of 15743526?
6
What is the units digit of 3372000?
0
What is the thousands digit of 10801866?
1
What is the thousands digit of 25659?
5
What is the ten thousands digit of 157723?
5
What is t